{"id":2739,"date":"2016-05-24T08:48:29","date_gmt":"2016-05-24T08:48:29","guid":{"rendered":"https:\/\/www.hotelbaiadelre.com\/fr\/la-nostra-storia\/"},"modified":"2016-06-15T14:10:17","modified_gmt":"2016-06-15T14:10:17","slug":"notre-histoire","status":"publish","type":"page","link":"https:\/\/www.hotelbaiadelre.com\/fr\/notre-histoire\/","title":{"rendered":"Notre histoire"},"content":{"rendered":"<div class=\"wpb-content-wrapper\">[vc_row full_height=\u00a0\u00bbyes\u00a0\u00bb parallax=\u00a0\u00bbcontent-moving\u00a0\u00bb bg_type=\u00a0\u00bbimage\u00a0\u00bb parallax_style=\u00a0\u00bbvcpb-default\u00a0\u00bb bg_image_new=\u00a0\u00bbid^2332|url^https:\/\/www.hotelbaiadelre.com\/wp-content\/uploads\/2016\/05\/rollsKrug.jpg|caption^null|alt^null|title^rollsKrug|description^null\u00a0\u00bb bg_image_repeat=\u00a0\u00bbno-repeat\u00a0\u00bb bg_img_attach=\u00a0\u00bbfixed\u00a0\u00bb parallax_content=\u00a0\u00bbparallax_content_value\u00a0\u00bb][vc_column][vc_column_text]\n<div class=\"payoff\">\n<h1>Hospitalit\u00e9 et \u00e9l\u00e9gance<\/h1>\n<\/div>\n[\/vc_column_text][\/vc_column][\/vc_row][vc_row el_class=\u00a0\u00bbcontenuto\u00a0\u00bb][vc_column][vc_empty_space height=\u00a0\u00bb50px\u00a0\u00bb][vc_row_inner el_class=\u00a0\u00bbwrap\u00a0\u00bb][vc_column_inner width=\u00a0\u00bb1\/2&Prime;][vc_column_text css=\u00a0\u00bb.vc_custom_1465999812488{padding-top: 0px !important;}\u00a0\u00bb]\n<h1>Notre histoire<\/h1>\n<p><img decoding=\"async\" src=\"https:\/\/www.hotelbaiadelre.com\/wp-content\/uploads\/2015\/07\/fregio.png\" alt=\"\" \/><\/p>\n<p>L&rsquo;histoire du <strong>Groupe H\u00f4tel Real Fini<\/strong> plonge ses racines au d\u00e9but du XXe si\u00e8cle, lorsque Telesforo Fini et son \u00e9pouse Giuditta ouvrirent une charcuterie Corso Canalchiaro, au c\u0153ur du centre historique de Mod\u00e8ne.<\/p>\n<p>D\u00e9vouement, recherche et respect de la qualit\u00e9 furent les caract\u00e9ristiques qui distingu\u00e8rent imm\u00e9diatement la charcuterie, \u00e0 l&rsquo;int\u00e9rieur de laquelle on commen\u00e7a peu apr\u00e8s \u00e0 servir aux clients les plus fid\u00e8les des plats de la gastronomie modenoise traditionnelle pr\u00e9par\u00e9s avec soin et passion par cette m\u00eame Giuditta.<\/p>\n<p>Aujourd&rsquo;hui comme en 1912,<strong> l&rsquo;H\u00f4tel Real Fini Baia del Re<\/strong> et le <strong>Restaurant Baia del Re<\/strong> conservent intactes ces <strong>valeurs<\/strong> fondamentales, comme la<strong>qualit\u00e9<\/strong>, <strong>l&rsquo;amour pour les choses simples et authentiques<\/strong>, <strong>l&rsquo;attention port\u00e9e au client<\/strong>, capables de transformer la <strong>passion<\/strong> en un succ\u00e8s durable et en constante <strong>\u00e9volution<\/strong>.<\/p>\n<p>Aujourd&rsquo;hui, au c\u0153ur de l&rsquo;\u00c9milie, l&rsquo;h\u00f4tel et le restaurant attirent une client\u00e8le h\u00e9t\u00e9rog\u00e8ne et exigeante, habitu\u00e9e au <strong>confort<\/strong> le plus moderne mais s\u00e9duite par la chaleur et l&rsquo;<strong>exp\u00e9rience<\/strong> qui impr\u00e8gnent notre fa\u00e7on de travailler.<\/p>\n<p>L&rsquo;H\u00f4tel Real Fini Baia del Re de Mod\u00e8ne offre <strong>des environnements exclusifs<\/strong>, haut de gamme, avec des <strong>chambres<\/strong> <strong>et des salles de r\u00e9union <\/strong>confortables, am\u00e9nag\u00e9es de fa\u00e7on impeccable et fonctionnelles. \u00c0 la table de notre Restaurant Baia del Re, vous retrouvez le plaisir de savourer une <strong>cuisine typique<\/strong>, fid\u00e8le aux traditions \u00e9miliennes, aux ar\u00f4mes enchanteurs, provenant de la s\u00e9lection rigoureuse des ingr\u00e9dients et du talent de chefs exp\u00e9riment\u00e9s et confirm\u00e9s.<\/p>\n[\/vc_column_text][\/vc_column_inner][vc_column_inner width=\u00a0\u00bb1\/2&Prime;][vc_empty_space height=\u00a0\u00bb37px\u00a0\u00bb][vc_media_grid element_width=\u00a0\u00bb6&Prime; item=\u00a0\u00bbmediaGrid_FadeInWithIcon\u00a0\u00bb grid_id=\u00a0\u00bbvc_gid:1465999775896-26bece9d-0878-0&Prime; include=\u00a0\u00bb2394,2300,2303,2305,2309,2306,2304,2301,2345,2346&Prime;][\/vc_column_inner][\/vc_row_inner][vc_empty_space height=\u00a0\u00bb50px\u00a0\u00bb][\/vc_column][\/vc_row][vc_row][vc_column][vc_media_grid element_width=\u00a0\u00bb3&Prime; gap=\u00a0\u00bb0&Prime; item=\u00a0\u00bbmediaGrid_FadeInWithIcon\u00a0\u00bb grid_id=\u00a0\u00bbvc_gid:1465999775899-35d5a88b-6645-5&Prime; include=\u00a0\u00bb2336,2308,2310,2311&Prime;][\/vc_column][\/vc_row]\n<\/div>","protected":false},"excerpt":{"rendered":"<p>[vc_row full_height=\u00a0\u00bbyes\u00a0\u00bb parallax=\u00a0\u00bbcontent-moving\u00a0\u00bb bg_type=\u00a0\u00bbimage\u00a0\u00bb parallax_style=\u00a0\u00bbvcpb-default\u00a0\u00bb bg_image_new=\u00a0\u00bbid^2332|url^https:\/\/www.hotelbaiadelre.com\/wp-content\/uploads\/2016\/05\/rollsKrug.jpg|caption^null|alt^null|title^rollsKrug|description^null\u00a0\u00bb bg_image_repeat=\u00a0\u00bbno-repeat\u00a0\u00bb bg_img_attach=\u00a0\u00bbfixed\u00a0\u00bb parallax_content=\u00a0\u00bbparallax_content_value\u00a0\u00bb][vc_column][vc_column_text] Hospitalit\u00e9 et \u00e9l\u00e9gance [\/vc_column_text][\/vc_column][\/vc_row][vc_row el_class=\u00a0\u00bbcontenuto\u00a0\u00bb][vc_column][vc_empty_space height=\u00a0\u00bb50px\u00a0\u00bb][vc_row_inner el_class=\u00a0\u00bbwrap\u00a0\u00bb][vc_column_inner width=\u00a0\u00bb1\/2&Prime;][vc_column_text css=\u00a0\u00bb.vc_custom_1465999812488{padding-top: 0px !important;}\u00a0\u00bb] Notre histoire L&rsquo;histoire du Groupe H\u00f4tel Real Fini plonge ses racines au d\u00e9but du XXe si\u00e8cle, lorsque Telesforo Fini et son \u00e9pouse Giuditta ouvrirent une charcuterie Corso Canalchiaro, au c\u0153ur du centre historique de Mod\u00e8ne. [&hellip;]<\/p>\n","protected":false},"author":36,"featured_media":0,"parent":0,"menu_order":0,"comment_status":"closed","ping_status":"closed","template":"","meta":{"_genesis_hide_title":false,"_genesis_hide_breadcrumbs":false,"_genesis_hide_singular_image":false,"_genesis_hide_footer_widgets":false,"_genesis_custom_body_class":"","_genesis_custom_post_class":"","_genesis_layout":"","footnotes":""},"class_list":{"0":"post-2739","1":"page","2":"type-page","3":"status-publish","5":"entry"},"yoast_head":"<!-- This site is optimized with the Yoast SEO plugin v25.6 - https:\/\/yoast.com\/wordpress\/plugins\/seo\/ -->\n<title>Notre histoire | Hotel Baia del Re<\/title>\n<meta name=\"description\" content=\"Notre histoire, Hotel Baia del Re:\" \/>\n<meta name=\"robots\" content=\"index, follow, max-snippet:-1, max-image-preview:large, max-video-preview:-1\" \/>\n<link rel=\"canonical\" href=\"https:\/\/www.hotelbaiadelre.com\/fr\/notre-histoire\/\" \/>\n<meta property=\"og:locale\" content=\"fr_FR\" \/>\n<meta property=\"og:type\" content=\"article\" \/>\n<meta property=\"og:title\" content=\"Notre histoire | Hotel Baia del Re\" \/>\n<meta property=\"og:description\" content=\"Notre histoire, Hotel Baia del Re:\" \/>\n<meta property=\"og:url\" content=\"https:\/\/www.hotelbaiadelre.com\/fr\/notre-histoire\/\" \/>\n<meta property=\"og:site_name\" content=\"Hotel Baia del Re\" \/>\n<meta property=\"article:modified_time\" content=\"2016-06-15T14:10:17+00:00\" \/>\n<meta property=\"og:image\" content=\"https:\/\/www.hotelbaiadelre.com\/wp-content\/uploads\/2015\/07\/fregio.png\" \/>\n<meta name=\"twitter:label1\" content=\"Dur\u00e9e de lecture estim\u00e9e\" \/>\n\t<meta name=\"twitter:data1\" content=\"2 minutes\" \/>\n<script type=\"application\/ld+json\" class=\"yoast-schema-graph\">{\"@context\":\"https:\/\/schema.org\",\"@graph\":[{\"@type\":\"WebPage\",\"@id\":\"https:\/\/www.hotelbaiadelre.com\/fr\/notre-histoire\/\",\"url\":\"https:\/\/www.hotelbaiadelre.com\/fr\/notre-histoire\/\",\"name\":\"Notre histoire | Hotel Baia del Re\",\"isPartOf\":{\"@id\":\"https:\/\/www.hotelbaiadelre.com\/fr\/#website\"},\"primaryImageOfPage\":{\"@id\":\"https:\/\/www.hotelbaiadelre.com\/fr\/notre-histoire\/#primaryimage\"},\"image\":{\"@id\":\"https:\/\/www.hotelbaiadelre.com\/fr\/notre-histoire\/#primaryimage\"},\"thumbnailUrl\":\"https:\/\/www.hotelbaiadelre.com\/wp-content\/uploads\/2015\/07\/fregio.png\",\"datePublished\":\"2016-05-24T08:48:29+00:00\",\"dateModified\":\"2016-06-15T14:10:17+00:00\",\"description\":\"Notre histoire, Hotel Baia del Re:\",\"breadcrumb\":{\"@id\":\"https:\/\/www.hotelbaiadelre.com\/fr\/notre-histoire\/#breadcrumb\"},\"inLanguage\":\"fr-FR\",\"potentialAction\":[{\"@type\":\"ReadAction\",\"target\":[\"https:\/\/www.hotelbaiadelre.com\/fr\/notre-histoire\/\"]}]},{\"@type\":\"ImageObject\",\"inLanguage\":\"fr-FR\",\"@id\":\"https:\/\/www.hotelbaiadelre.com\/fr\/notre-histoire\/#primaryimage\",\"url\":\"https:\/\/www.hotelbaiadelre.com\/wp-content\/uploads\/2015\/07\/fregio.png\",\"contentUrl\":\"https:\/\/www.hotelbaiadelre.com\/wp-content\/uploads\/2015\/07\/fregio.png\"},{\"@type\":\"BreadcrumbList\",\"@id\":\"https:\/\/www.hotelbaiadelre.com\/fr\/notre-histoire\/#breadcrumb\",\"itemListElement\":[{\"@type\":\"ListItem\",\"position\":1,\"name\":\"Home\",\"item\":\"https:\/\/www.hotelbaiadelre.com\/fr\/\"},{\"@type\":\"ListItem\",\"position\":2,\"name\":\"Notre histoire\"}]},{\"@type\":\"WebSite\",\"@id\":\"https:\/\/www.hotelbaiadelre.com\/fr\/#website\",\"url\":\"https:\/\/www.hotelbaiadelre.com\/fr\/\",\"name\":\"Hotel Baia del Re\",\"description\":\"\",\"potentialAction\":[{\"@type\":\"SearchAction\",\"target\":{\"@type\":\"EntryPoint\",\"urlTemplate\":\"https:\/\/www.hotelbaiadelre.com\/fr\/?s={search_term_string}\"},\"query-input\":{\"@type\":\"PropertyValueSpecification\",\"valueRequired\":true,\"valueName\":\"search_term_string\"}}],\"inLanguage\":\"fr-FR\"}]}<\/script>\n<!-- \/ Yoast SEO plugin. -->","yoast_head_json":{"title":"Notre histoire | Hotel Baia del Re","description":"Notre histoire, Hotel Baia del Re:","robots":{"index":"index","follow":"follow","max-snippet":"max-snippet:-1","max-image-preview":"max-image-preview:large","max-video-preview":"max-video-preview:-1"},"canonical":"https:\/\/www.hotelbaiadelre.com\/fr\/notre-histoire\/","og_locale":"fr_FR","og_type":"article","og_title":"Notre histoire | Hotel Baia del Re","og_description":"Notre histoire, Hotel Baia del Re:","og_url":"https:\/\/www.hotelbaiadelre.com\/fr\/notre-histoire\/","og_site_name":"Hotel Baia del Re","article_modified_time":"2016-06-15T14:10:17+00:00","og_image":[{"url":"https:\/\/www.hotelbaiadelre.com\/wp-content\/uploads\/2015\/07\/fregio.png","type":"","width":"","height":""}],"twitter_misc":{"Dur\u00e9e de lecture estim\u00e9e":"2 minutes"},"schema":{"@context":"https:\/\/schema.org","@graph":[{"@type":"WebPage","@id":"https:\/\/www.hotelbaiadelre.com\/fr\/notre-histoire\/","url":"https:\/\/www.hotelbaiadelre.com\/fr\/notre-histoire\/","name":"Notre histoire | Hotel Baia del Re","isPartOf":{"@id":"https:\/\/www.hotelbaiadelre.com\/fr\/#website"},"primaryImageOfPage":{"@id":"https:\/\/www.hotelbaiadelre.com\/fr\/notre-histoire\/#primaryimage"},"image":{"@id":"https:\/\/www.hotelbaiadelre.com\/fr\/notre-histoire\/#primaryimage"},"thumbnailUrl":"https:\/\/www.hotelbaiadelre.com\/wp-content\/uploads\/2015\/07\/fregio.png","datePublished":"2016-05-24T08:48:29+00:00","dateModified":"2016-06-15T14:10:17+00:00","description":"Notre histoire, Hotel Baia del Re:","breadcrumb":{"@id":"https:\/\/www.hotelbaiadelre.com\/fr\/notre-histoire\/#breadcrumb"},"inLanguage":"fr-FR","potentialAction":[{"@type":"ReadAction","target":["https:\/\/www.hotelbaiadelre.com\/fr\/notre-histoire\/"]}]},{"@type":"ImageObject","inLanguage":"fr-FR","@id":"https:\/\/www.hotelbaiadelre.com\/fr\/notre-histoire\/#primaryimage","url":"https:\/\/www.hotelbaiadelre.com\/wp-content\/uploads\/2015\/07\/fregio.png","contentUrl":"https:\/\/www.hotelbaiadelre.com\/wp-content\/uploads\/2015\/07\/fregio.png"},{"@type":"BreadcrumbList","@id":"https:\/\/www.hotelbaiadelre.com\/fr\/notre-histoire\/#breadcrumb","itemListElement":[{"@type":"ListItem","position":1,"name":"Home","item":"https:\/\/www.hotelbaiadelre.com\/fr\/"},{"@type":"ListItem","position":2,"name":"Notre histoire"}]},{"@type":"WebSite","@id":"https:\/\/www.hotelbaiadelre.com\/fr\/#website","url":"https:\/\/www.hotelbaiadelre.com\/fr\/","name":"Hotel Baia del Re","description":"","potentialAction":[{"@type":"SearchAction","target":{"@type":"EntryPoint","urlTemplate":"https:\/\/www.hotelbaiadelre.com\/fr\/?s={search_term_string}"},"query-input":{"@type":"PropertyValueSpecification","valueRequired":true,"valueName":"search_term_string"}}],"inLanguage":"fr-FR"}]}},"publishpress_future_action":{"enabled":false,"date":"2026-05-09 10:57:05","action":"change-status","newStatus":"draft","terms":[],"taxonomy":"translation_priority","extraData":[]},"publishpress_future_workflow_manual_trigger":{"enabledWorkflows":[]},"_links":{"self":[{"href":"https:\/\/www.hotelbaiadelre.com\/fr\/wp-json\/wp\/v2\/pages\/2739","targetHints":{"allow":["GET"]}}],"collection":[{"href":"https:\/\/www.hotelbaiadelre.com\/fr\/wp-json\/wp\/v2\/pages"}],"about":[{"href":"https:\/\/www.hotelbaiadelre.com\/fr\/wp-json\/wp\/v2\/types\/page"}],"author":[{"embeddable":true,"href":"https:\/\/www.hotelbaiadelre.com\/fr\/wp-json\/wp\/v2\/users\/36"}],"replies":[{"embeddable":true,"href":"https:\/\/www.hotelbaiadelre.com\/fr\/wp-json\/wp\/v2\/comments?post=2739"}],"version-history":[{"count":0,"href":"https:\/\/www.hotelbaiadelre.com\/fr\/wp-json\/wp\/v2\/pages\/2739\/revisions"}],"wp:attachment":[{"href":"https:\/\/www.hotelbaiadelre.com\/fr\/wp-json\/wp\/v2\/media?parent=2739"}],"curies":[{"name":"wp","href":"https:\/\/api.w.org\/{rel}","templated":true}]}}

<div class="wpb-content-wrapper">[vc_row full_height= »yes » parallax= »content-moving » bg_type= »image » parallax_style= »vcpb-default » bg_image_new= »id^2332|url^https://www.hotelbaiadelre.com/wp-content/uploads/2016/05/rollsKrug.jpg|caption^null|alt^null|title^rollsKrug|description^null » bg_image_repeat= »no-repeat » bg_img_attach= »fixed » parallax_content= »parallax_content_value »][vc_column][vc_column_text]
<div class="payoff">
<h1>Hospitalité et élégance</h1>
</div>
[/vc_column_text][/vc_column][/vc_row][vc_row el_class= »contenuto »][vc_column][vc_empty_space height= »50px »][vc_row_inner el_class= »wrap »][vc_column_inner width= »1/2&Prime;][vc_column_text css= ».vc_custom_1465999812488{padding-top: 0px !important;} »]
<h1>Notre histoire</h1>
<p><img decoding="async" src="https://www.hotelbaiadelre.com/wp-content/uploads/2015/07/fregio.png" alt="" /></p>
<p>L&rsquo;histoire du <strong>Groupe Hôtel Real Fini</strong> plonge ses racines au début du XXe siècle, lorsque Telesforo Fini et son épouse Giuditta ouvrirent une charcuterie Corso Canalchiaro, au cœur du centre historique de Modène.</p>
<p>Dévouement, recherche et respect de la qualité furent les caractéristiques qui distinguèrent immédiatement la charcuterie, à l&rsquo;intérieur de laquelle on commença peu après à servir aux clients les plus fidèles des plats de la gastronomie modenoise traditionnelle préparés avec soin et passion par cette même Giuditta.</p>
<p>Aujourd&rsquo;hui comme en 1912,<strong> l&rsquo;Hôtel Real Fini Baia del Re</strong> et le <strong>Restaurant Baia del Re</strong> conservent intactes ces <strong>valeurs</strong> fondamentales, comme la<strong>qualité</strong>, <strong>l&rsquo;amour pour les choses simples et authentiques</strong>, <strong>l&rsquo;attention portée au client</strong>, capables de transformer la <strong>passion</strong> en un succès durable et en constante <strong>évolution</strong>.</p>
<p>Aujourd&rsquo;hui, au cœur de l&rsquo;Émilie, l&rsquo;hôtel et le restaurant attirent une clientèle hétérogène et exigeante, habituée au <strong>confort</strong> le plus moderne mais séduite par la chaleur et l&rsquo;<strong>expérience</strong> qui imprègnent notre façon de travailler.</p>
<p>L&rsquo;Hôtel Real Fini Baia del Re de Modène offre <strong>des environnements exclusifs</strong>, haut de gamme, avec des <strong>chambres</strong> <strong>et des salles de réunion </strong>confortables, aménagées de façon impeccable et fonctionnelles. À la table de notre Restaurant Baia del Re, vous retrouvez le plaisir de savourer une <strong>cuisine typique</strong>, fidèle aux traditions émiliennes, aux arômes enchanteurs, provenant de la sélection rigoureuse des ingrédients et du talent de chefs expérimentés et confirmés.</p>
[/vc_column_text][/vc_column_inner][vc_column_inner width= »1/2&Prime;][vc_empty_space height= »37px »][vc_media_grid element_width= »6&Prime; item= »mediaGrid_FadeInWithIcon » grid_id= »vc_gid:1465999775896-26bece9d-0878-0&Prime; include= »2394,2300,2303,2305,2309,2306,2304,2301,2345,2346&Prime;][/vc_column_inner][/vc_row_inner][vc_empty_space height= »50px »][/vc_column][/vc_row][vc_row][vc_column][vc_media_grid element_width= »3&Prime; gap= »0&Prime; item= »mediaGrid_FadeInWithIcon » grid_id= »vc_gid:1465999775899-35d5a88b-6645-5&Prime; include= »2336,2308,2310,2311&Prime;][/vc_column][/vc_row]
</div>

<p>[vc_row full_height= »yes » parallax= »content-moving » bg_type= »image » parallax_style= »vcpb-default » bg_image_new= »id^2332|url^https://www.hotelbaiadelre.com/wp-content/uploads/2016/05/rollsKrug.jpg|caption^null|alt^null|title^rollsKrug|description^null » bg_image_repeat= »no-repeat » bg_img_attach= »fixed » parallax_content= »parallax_content_value »][vc_column][vc_column_text] Hospitalité et élégance [/vc_column_text][/vc_column][/vc_row][vc_row el_class= »contenuto »][vc_column][vc_empty_space height= »50px »][vc_row_inner el_class= »wrap »][vc_column_inner width= »1/2&Prime;][vc_column_text css= ».vc_custom_1465999812488{padding-top: 0px !important;} »] Notre histoire L&rsquo;histoire du Groupe Hôtel Real Fini plonge ses racines au début du XXe siècle, lorsque Telesforo Fini et son épouse Giuditta ouvrirent une charcuterie Corso Canalchiaro, au cœur du centre historique de Modène. [&hellip;]</p>

<!-- This site is optimized with the Yoast SEO plugin v25.6 - https://yoast.com/wordpress/plugins/seo/ -->
<title>Notre histoire | Hotel Baia del Re</title>
<meta name="description" content="Notre histoire, Hotel Baia del Re:" />
<meta name="robots" content="index, follow, max-snippet:-1, max-image-preview:large, max-video-preview:-1" />
<link rel="canonical" href="https://www.hotelbaiadelre.com/fr/notre-histoire/" />
<meta property="og:locale" content="fr_FR" />
<meta property="og:type" content="article" />
<meta property="og:title" content="Notre histoire | Hotel Baia del Re" />
<meta property="og:description" content="Notre histoire, Hotel Baia del Re:" />
<meta property="og:url" content="https://www.hotelbaiadelre.com/fr/notre-histoire/" />
<meta property="og:site_name" content="Hotel Baia del Re" />
<meta property="article:modified_time" content="2016-06-15T14:10:17+00:00" />
<meta property="og:image" content="https://www.hotelbaiadelre.com/wp-content/uploads/2015/07/fregio.png" />
<meta name="twitter:label1" content="Durée de lecture estimée" />
	<meta name="twitter:data1" content="2 minutes" />
<script type="application/ld+json" class="yoast-schema-graph">{"@context":"https://schema.org","@graph":[{"@type":"WebPage","@id":"https://www.hotelbaiadelre.com/fr/notre-histoire/","url":"https://www.hotelbaiadelre.com/fr/notre-histoire/","name":"Notre histoire | Hotel Baia del Re","isPartOf":{"@id":"https://www.hotelbaiadelre.com/fr/#website"},"primaryImageOfPage":{"@id":"https://www.hotelbaiadelre.com/fr/notre-histoire/#primaryimage"},"image":{"@id":"https://www.hotelbaiadelre.com/fr/notre-histoire/#primaryimage"},"thumbnailUrl":"https://www.hotelbaiadelre.com/wp-content/uploads/2015/07/fregio.png","datePublished":"2016-05-24T08:48:29+00:00","dateModified":"2016-06-15T14:10:17+00:00","description":"Notre histoire, Hotel Baia del Re:","breadcrumb":{"@id":"https://www.hotelbaiadelre.com/fr/notre-histoire/#breadcrumb"},"inLanguage":"fr-FR","potentialAction":[{"@type":"ReadAction","target":["https://www.hotelbaiadelre.com/fr/notre-histoire/"]}]},{"@type":"ImageObject","inLanguage":"fr-FR","@id":"https://www.hotelbaiadelre.com/fr/notre-histoire/#primaryimage","url":"https://www.hotelbaiadelre.com/wp-content/uploads/2015/07/fregio.png","contentUrl":"https://www.hotelbaiadelre.com/wp-content/uploads/2015/07/fregio.png"},{"@type":"BreadcrumbList","@id":"https://www.hotelbaiadelre.com/fr/notre-histoire/#breadcrumb","itemListElement":[{"@type":"ListItem","position":1,"name":"Home","item":"https://www.hotelbaiadelre.com/fr/"},{"@type":"ListItem","position":2,"name":"Notre histoire"}]},{"@type":"WebSite","@id":"https://www.hotelbaiadelre.com/fr/#website","url":"https://www.hotelbaiadelre.com/fr/","name":"Hotel Baia del Re","description":"","potentialAction":[{"@type":"SearchAction","target":{"@type":"EntryPoint","urlTemplate":"https://www.hotelbaiadelre.com/fr/?s={search_term_string}"},"query-input":{"@type":"PropertyValueSpecification","valueRequired":true,"valueName":"search_term_string"}}],"inLanguage":"fr-FR"}]}</script>
<!-- / Yoast SEO plugin. -->
